 the remainder when 203938 is divided by 147.
49
Calculate the remainder when 1160980 is divided by 8179.
7741
Calculate the remainder when 974212 is divided by 8700.
8512
Calculate the remainder when 14544629 is divided by 1046.
1045
Calculate the remainder when 78269 is divided by 1223.
1220
Calculate the remainder when 153136 is divided by 89.
56
Calculate the remainder when 63952 is divided by 514.
216
What is the remainder when 104508743 is divided by 26127181?
19
Calculate the remainder when 256103 is divided by 25603.
73
Calculate the remainder when 23547429 is divided by 1381.
1379
What is the remainder when 8613303 is divided by 353?
103
Calculate the remainder when 24463 is divided by 23340.
1123
Calculate the remainder when 3061612 is divided by 834.
832
What is the remainder when 1669324 is divided by 425?
349
Calculate the remainder when 4771 is divided by 4704.
67
What is the remainder when 1840925 is divided by 204546?
11
Calculate the remainder when 51164 is divided by 25348.
468
What is the remainder when 6598547 is divided by 699?
686
Calculate the remainder when 523254 is divided by 477.
462
Calculate the remainder when 537858 is divided by 603.
585
Calculate the remainder when 20244 is divided by 9907.
430
What is the remainder when 630952 is divided by 9706?
62
Calculate the remainder when 21729575 is divided by 494.
491
What is the remainder when 635972 is divided by 1472?
68
What is the remainder when 77617094 is divided by 164?
158
What is the remainder when 3880007 is divided by 88?
87
Calculate the remainder when 76588482 is divided by 13.
9
Calculate the remainder when 237404 is divided by 45.
29
Calculate the remainder when 9202214 is divided by 518.
462
What is the remainder when 4987609 is divided by 1662509?
82
What is the remainder when 882749 is divided by 70?
49
What is the remainder when 54481 is divided by 1703?
1688
Calculate the remainder when 1884778 is divided by 649.
82
Calculate the remainder when 11819233 is divided by 366.
361
What is the remainder when 240870 is divided by 142?
38
What is the remainder when 67558 is divided by 777?
736
What is the remainder when 480171 is divided by 53350?
21
Calculate the remainder when 29982449 is divided by 871.
16
Calculate the remainder when 14457137 is divided by 150595.
17
Calculate the remainder when 1175401 is divided by 904.
201
Calculate the remainder when 26512851 is divided by 2285.
2281
Calculate the remainder when 195902514 is divided by 1461959.
8
What is the remainder when 4689503 is divided by 1580?
63
Calculate the remainder when 317931 is divided by 13.
3
Calculate the remainder when 190196 is divided by 63019.
1139
What is the remainder when 722570 is divided by 411?
32
Calculate the remainder when 2197988 is divided by 183152.
164
Calculate the remainder when 45770380 is divided by 326.
306
What is the remainder when 7507 is divided by 3527?
453
What is the remainder when 52213395 is divided by 6394?
6385
Calculate the remainder when 441150 is divided by 425.
0
What is the remainder when 24562 is divided by 20387?
4175
Calculate the remainder when 914113 is divided by 2156.
2125
What is the remainder when 1047559 is divided by 4849?
175
Calculate the remainder when 3652155 is divided by 3651841.
314
Calculate the remainder when 499143 is divided by 780.
723
Calculate the remainder when 11288876 is divided by 46.
16
Calculate the remainder when 1850453 is divided by 302.
99
What is the remainder when 637206 is divided by 212399?
9
What is the remainder when 3835 is divided by 3089?
746
What is the remainder when 779745 is divided by 6139?
92
What is the remainder when 152418956 is divided by 24?
20
Calculate the remainder when 1372362 is divided by 685017.
2328
Calculate the remainder when 10044263 is divided by 5207.
5167
Calculate the remainder when 288364 is divided by 8476.
180
Calculate the remainder when 7389202 is divided by 7389182.
20
What is the remainder when 167231 is divided by 2425?
2331
Calculate the remainder when 138919 is divided by 928.
647
Calculate the remainder when 293039 is divided by 41781.
572
Calculate the remainder when 3689796 is divided by 730.
376
Calculate the remainder when 28883805 is divided by 16.
13
What is the remainder when 3455977 is divided by 1470?
7
Calculate the remainder when 546562 is divided by 546555.
7
Calculate the remainder when 3227811197 is divided by 282.
281
What is the remainder when 98519 is divided by 113?
96
Calculate the remainder when 269080 is divided by 7911.
106
Calculate the remainder when 723464 is divided by 286.
170
What is the remainder when 40528577 is divided by 80?
17
What is the remainder when 20740982 is divided by 75?
32
What is the remainder when 8995 is divided by 159?
91
What is the remainder when 7277420 is divided by 4904?
4788
Calculate the remainder when 25146 is divided by 261.
90
Calculate the remainder when 185698 is divided by 834.
550
What is the remainder when 1887236 is divided by 1209?
1196
What is the remainder when 354148 is divided by 57757?
7606
Calculate the remainder when 285966 is divided by 2126.
1082
Calculate the remainder when 1006732 is divided by 12740.
272
Calculate the remainder when 104805 is divided by 1371.
609
Calculate the remainder when 1935041 is divided by 102.
101
What is the remainder when 99871 is divided by 33139?
454
What is the remainder when 2969432 is divided by 1484688?
56
Calculate the remainder when 249688 is divided by 123.
121
What is the remainder when 1767571 is divided by 27193?
26
Calculate the remainder when 28622 is divided by 2805.
572
What is the remainder when 18219514 is divided by 61?
34
What is the remainder when 5957660 is divided by 1788?
44
What is the remainder when 1193744 is divided by 1892?
1784
What is the remainder when 258833 is divided by 8591?
1103
What is the remainder when 182903 is divided by 3153?
29
Calculate the remainder when 3910914 is divided by 780.
774
What is the remainder when 35166 is divided by 2342?
36
What is the remainder when 2546731 is divided by 30?
1
What is the remainder when 4531463 is divided by 6596?
11
What is the remainder when 105304 is divided by 2581?
2064
Calculate the remainder when 6934877 is divided by 103.
93
What is the remainder when 77395 is divided by 2769?
2632
What is the remainder when 21725645 is divided by 761?
617
What is the remainder when 867571 is divided by 433767?
37
Calculate the remainder when 27197 is divided by 1282.
275
Calculate the remainder when 1964465 is divided by 245549.
73
Calculate the remainder when 13991509 is divided by 1554612.
1
Calculate the remainder when 4455193 is divided by 1145.
1143
Calculate the remainder when 7975758 is divided by 742.
0
Calculate the remainder when 7836490 is divided by 3918184.
122
Calculate the remainder when 248468202 is divided by 266.
262
What is the remainder when 580119 is divided by 4361?
106
Calculate the remainder when 3659213 is divided by 126165.
428
What is the remainder when 113261469 is divided by 133?
132
Calculate the remainder when 678676 is divided by 339314.
48
Calculate the remainder when 2599499 is divided by 22.
1
What is the remainder when 328598 is divided by 164296?
6
What is the remainder when 1065285 is divided by 296?
277
Calculate the remainder when 114430946 is divided by 10623.
10613
What is the remainder when 89761846 is divided by 19?
13
Calculate the remainder when 5713771 is divided by 218.
209
Calculate the remainder when 179632437 is divided by 1814469.
6
Calculate the remainder when 301493 is divided by 223.
220
What is the remainder when 352537 is divided by 58750?
37
What is the remainder when 1614052 is divided by 1614043?
9
What is the remainder when 101202 is divided by 592?
562
What is the remainder when 2534655 is divided by 43?
20
What is the remainder when 3300995 is divided by 540?
515
What is the remainder when 359598 is divided by 182?
148
What is the remainder when 529099 is divided by 39?
25
What is the remainder when 408035 is divided by 1252?
1135
What is the remainder when 49946 is divided by 15947?
2105
What is the remainder when 16239 is divided by 16157?
82
Calculate the remainder when 28141 is divided by 10859.
6423
What is the remainder w